 base 7
2
What is -2 (base 8) in base 7?
-2
Convert -5 (base 16) to base 12.
-5
What is 20 (base 3) in base 11?
6
What is -121 (base 7) in base 13?
-4c
What is -10 (base 3) in base 6?
-3
-140 (base 14) to base 10
-252
What is 2 (base 3) in base 13?
2
Convert -44 (base 12) to base 15.
-37
What is -22 (base 4) in base 5?
-20
Convert -8 (base 13) to base 10.
-8
What is 128 (base 9) in base 5?
412
Convert -12201 (base 4) to base 2.
-110100001
What is -10010 (base 3) in base 14?
-60
What is 1 (base 16) in base 15?
1
0 (base 8) to base 14
0
What is -1 (base 16) in base 8?
-1
-1 (base 14) to base 5
-1
15 (base 13) to base 14
14
Convert 4 (base 12) to base 13.
4
Convert -5 (base 14) to base 11.
-5
What is 3 (base 9) in base 2?
11
Convert -103 (base 10) to base 15.
-6d
What is 14 (base 7) in base 13?
b
110000 (base 2) to base 12
40
-2 (base 7) to base 14
-2
Convert -68 (base 11) to base 12.
-62
-4 (base 6) to base 11
-4
Convert -11 (base 3) to base 11.
-4
433 (base 5) to base 4
1312
40 (base 8) to base 7
44
What is -3 (base 12) in base 3?
-10
What is -512 (base 8) in base 13?
-1c5
33 (base 13) to base 2
101010
What is -10010 (base 2) in base 14?
-14
What is -a (base 13) in base 3?
-101
Convert a (base 12) to base 6.
14
-b (base 14) to base 3
-102
Convert 12 (base 9) to base 4.
23
Convert -22 (base 5) to base 8.
-14
-24 (base 7) to base 8
-22
0 (base 16) to base 4
0
What is 2 (base 15) in base 5?
2
-7d (base 15) to base 3
-11101
What is 21 (base 4) in base 14?
9
-1 (base 7) to base 9
-1
Convert -4 (base 12) to base 14.
-4
What is -100 (base 2) in base 13?
-4
-124 (base 13) to base 2
-11000111
-17 (base 10) to base 11
-16
What is 14 (base 8) in base 14?
c
45 (base 7) to base 5
113
Convert a (base 15) to base 5.
20
131 (base 6) to base 10
55
What is -102102 (base 3) in base 12?
-218
What is -1101 (base 2) in base 10?
-13
What is -9 (base 11) in base 8?
-11
10120 (base 3) to base 4
1200
20 (base 10) to base 12
18
What is 2 (base 10) in base 2?
10
-2122 (base 3) to base 7
-131
3 (base 13) to base 11
3
Convert -63 (base 9) to base 11.
-52
Convert -10011 (base 2) to base 3.
-201
What is 75 (base 14) in base 13?
7c
Convert -7 (base 10) to base 7.
-10
Convert -7 (base 8) to base 7.
-10
Convert 7 (base 9) to base 2.
111
What is 1110 (base 2) in base 11?
13
Convert 1 (base 8) to base 11.
1
Convert 184 (base 9) to base 14.
b3
32 (base 8) to base 6
42
112 (base 6) to base 16
2c
Convert 2 (base 14) to base 8.
2
-2b (base 13) to base 16
-25
411 (base 5) to base 11
97
233 (base 5) to base 12
58
What is 245 (base 7) in base 5?
1011
What is 102 (base 3) in base 2?
1011
Convert -221 (base 3) to base 5.
-100
What is 34 (base 9) in base 2?
11111
What is -3 (base 13) in base 15?
-3
Convert 17 (base 9) to base 14.
12
What is -5 (base 8) in base 13?
-5
What is -3 (base 8) in base 16?
-3
What is 1 (base 3) in base 8?
1
Convert 1 (base 8) to base 6.
1
46 (base 14) to base 2
111110
Convert -21 (base 9) to base 10.
-19
-3 (base 5) to base 14
-3
Convert -24 (base 7) to base 2.
-10010
-16 (base 7) to base 6
-21
What is 202 (base 5) in base 14?
3a
-a (base 11) to base 4
-22
What is -40 (base 8) in base 11?
-2a
9 (base 10) to base 8
11
-1 (base 12) to base 6
-1
-14 (base 7) to base 16
-b
What is -1 (base 15) in base 6?
-1
Convert 110 (base 4) to base 13.
17
What is 2 (base 15) in base 6?
2
Convert 10 (base 11) to base 13.
b
6 (base 9) to base 6
10
-35 (base 12) to base 2
-101001
Convert -3 (base 6) to base 3.
-10
Convert 25 (base 10) to base 6.
41
What is -10 (base 3) in base 14?
-3
621 (base 7) to base 8
465
Convert 1 (base 4) to base 5.
1
-2 (base 7) to base 13
-2
Convert 11 (base 4) to base 7.
5
40 (base 14) to base 8
70
What is 1156 (base 7) in base 2?
110110001
Convert -8 (base 11) to base 6.
-12
Convert -2 (base 4) to base 16.
-2
4 (base 11) to base 8
4
5d (base 14) to base 2
1010011
What is 25 (base 14) in base 2?
100001
Convert 112 (base 3) to base 6.
22
What is 63 (base 7) in base 14?
33
1000 (base 2) to base 15
8
-111 (base 4) to base 15
-16
Convert 44 (base 15) to base 3.
2101
What is -111 (base 9) in base 2?
-1011011
Convert -1 (base 9) to base 4.
-1
172 (base 12) to base 5
1410
What is -4 (base 14) in base 9?
-4
Convert 1201 (base 5) to base 13.
107
What is -21 (base 7) in base 8?
-17
-10 (base 4) to base 2
-100
What is 35 (base 14) in base 6?
115
What is -1 (base 7) in base 2?
-1
What is 24 (base 14) in base 4?
200
19 (base 11) to base 2
10100
Convert 27 (base 16) to base 10.
39
Convert 36 (base 8) to base 13.
24
-5 (base 8) to base 13
-5
What is 1a6 (base 11) in base 12?
179
16 (base 10) to base 5
31
Convert -316 (base 8) to base 9.
-248
What is 10211 (base 3) in base 14?
75
33 (base 4) to base 12
13
Convert 0 (base 7) to base 15.
0
Convert 6 (base 16) to base 3.
20
10 (base 7) to base 3
21
11 (base 2) to base 14
3
What is -535 (base 7) in base 8?
-417
Convert 342 (base 7) to base 13.
108
43 (base 13) to base 3
2001
Convert b (base 16) to base 12.
b
What is 122 (base 4) in base 6?
42
Convert 6 (base 11) to base 13.
6
-27 (base 12) to base 5
-111
10 (base 9) to base 11
9
Convert 42 (base 5) to base 12.
1a
34 (base 7) to base 12
21
What is -3 (base 16) in base 13?
-3
Convert 7 (base 16) to base 10.
7
-16 (base 13) to base 5
-34
120 (base 3) to base 10
15
2 (base 12) to base 15
2
0 (base 11) to base 10
0
What is -2 (base 10) in base 8?
-2
Convert -21 (base 8) to base 10.
-17
What is -10010 (base 2) in base 11?
-17
What is -11110111 (base 2) in base 9?
-304
Convert 51 (base 8) to base 15.
2b
-10011 (base 2) to base 16
-13
Convert 3221 (base 4) to base 3.
22122
Convert -1c (base 14) to base 8.
-32
-16 (base 16) to base 13
-19
What is -3 (base 14) in base 11?
-3
What is -52 (base 13) in base 7?
-124
What is -120 (base 4) in base 2?
-11000
4a (base 13) to base 9
68
-4 (base 11) to base 2
-100
Convert -30 (base 6) to base 10.
-18
What is -113 (base 10) in base 7?
-221
What is 0 (base 2) in base 16?
0
Convert 4 (base 13) to base 14.
4
What is -30 (base 13) in base 12?
-33
What is 0 (base 3) in base 4?
0
Convert -1 (base 9) to base 14.
-1
What is -1010111 (base 2) in base 11?
-7a
Convert -11 (base 11) to base 3.
-110
1 (base 14) to base 8
1
-31 (base 7) to base 14
-18
-211 (base 13) to base 11
-2a0
0 (base 10) to base 12
0
Convert -1010 (base 2) to base 5.
-20
223 (base 7) to base 8
163
What is 22 (base 3) in base 10?
8
Convert -1001 (base 2) to base 15.
-9
Convert 12 (base 10) to base 2.
1100
Convert -35 (base 6) to base 14.
-19
What is 1 (base 10) in base 9?
1
-4 (base 15) to base 10
-4
What is 11 (base 7) in base 12?
8
11 (base 9) to base 3
101
What is -5 (base 15) in base 14?
-5
Convert -13 (base 12) to base 5.
-30
Convert 1013 (base 6) to base 5.
1400
Convert 442 (base 6) to base 8.
252
Convert 502 (base 7) to base 2.
11110111
What is 120 (base 3) in base 16?
f
What is 23 (base 10) in base 4?
113
Convert 62 (base 7) to base 16.
2c
Convert 25 (base 14) to base 10.
33
Convert 11 (base 10) to base 2.
1011
-9 (base 15) to base 2
-1001
Convert -11110 (base 2) to base 11.
-28
What is 11 (base 5) in base 6?
10
What is -1010 (base 3) in base 9?
-33
-3 (base 5) to base 8
-3
Convert 2311 (base 4) to base 15.
c1
Convert 12 (base 3) to base 9.
5
20 (base 4) to base 7
11
Convert -30 (base 9) to base 2.
-11011
4 (base 16) to base 7
4
104 (base 10) to base 15
6e
-2 (base 8) to base 5
-2
Convert 8 (base 10) to base 6.
12
2 (base 16) to base 3
2
6 (base 11) to base 13
6
-9 (base 10) to base 6
-13
2 (base 13) to base 7
2
What is 1 (base 9) in base 8?
1
What is 4 (base 5) in base 16?
4
-100 (base 8) to base 15
-44
Convert -67 (base 8) to base 3.
-2001
What is 149 (base 12) in base 9?
243
-6 (base 11) to base 8
-6
-c4 (base 16) to base 2
-11000100
What is b (base 12) in base 6?
15
-1d (base 16) to base 15
-1e
What is 14 (base 12) in base 4?
100
Convert 0 (base 4) to base 5.
0
-233 (base 8) to base 11
-131
Convert -6 (base 8) to base 10.
-6
-21 (base 9) to base 12
-17
-2 (base 14) to base 12
-2
12 (base 9) to base 15
b
What is 123 (base 4) in base 7?
36
Convert 38 (base 9) to base 7.
50
What is -14 (base 7) in base 16?
-b
What is 6 (base 12) in base 3?
20
177 (base 10) to base 3
20120
Convert -19 (base 16) to base 9.
-27
Convert 0 (base 2) to base 7.
0
What is -4 (base 13) in base 16?
-4
2